018643 is divided by 61171?
0
Calculate the remainder when 45323 is divided by 44698.
625
What is the remainder when 8979262 is divided by 897923?
32
Calculate the remainder when 657706668 is divided by 219235552.
12
What is the remainder when 6020961 is divided by 3010478?
5
What is the remainder when 365041889 is divided by 121680626?
11
Calculate the remainder when 466459 is divided by 233223.
13
What is the remainder when 41914 is divided by 2008?
1754
Calculate the remainder when 17729 is divided by 16658.
1071
Calculate the remainder when 563234 is divided by 563083.
151
Calculate the remainder when 12226388 is divided by 13.
5
Calculate the remainder when 1506667 is divided by 89.
75
What is the remainder when 11983497 is divided by 73972?
33
Calculate the remainder when 9151835 is divided by 9151769.
66
What is the remainder when 6779 is divided by 6350?
429
Calculate the remainder when 12629 is divided by 2674.
1933
Calculate the remainder when 421795 is divided by 2654.
2463
Calculate the remainder when 352303 is divided by 14.
7
Calculate the remainder when 5018403 is divided by 47.
25
What is the remainder when 465582 is divided by 912?
462
Calculate the remainder when 4383 is divided by 2463.
1920
Calculate the remainder when 16038308 is divided by 7.
6
Calculate the remainder when 4236337 is divided by 1059074.
41
What is the remainder when 45215581 is divided by 21?
19
What is the remainder when 13412764 is divided by 462509?
3
Calculate the remainder when 2607745 is divided by 66.
19
Calculate the remainder when 101117 is divided by 12634.
45
What is the remainder when 1407807 is divided by 233?
21
What is the remainder when 89303 is divided by 2434?
1679
What is the remainder when 982146 is divided by 143?
22
Calculate the remainder when 1052913 is divided by 636.
333
What is the remainder when 530047 is divided by 66231?
199
Calculate the remainder when 1749961 is divided by 97217.
55
What is the remainder when 57057 is divided by 1074?
135
Calculate the remainder when 57736 is divided by 14346.
352
What is the remainder when 3022 is divided by 2958?
64
Calculate the remainder when 9811532 is divided by 80.
12
Calculate the remainder when 7026168 is divided by 30.
18
What is the remainder when 5847 is divided by 5531?
316
What is the remainder when 13986940 is divided by 39511?
46
What is the remainder when 213417607 is divided by 522?
517
Calculate the remainder when 182149 is divided by 94.
71
Calculate the remainder when 1646237 is divided by 3650.
87
What is the remainder when 9614494 is divided by 566?
418
What is the remainder when 40741384 is divided by 1455049?
12
Calculate the remainder when 1213580 is divided by 295.
245
Calculate the remainder when 2198413 is divided by 314054.
35
Calculate the remainder when 16669610 is divided by 11371.
11095
Calculate the remainder when 236347 is divided by 11520.
5947
Calculate the remainder when 73922 is divided by 344.
306
What is the remainder when 22684 is divided by 22412?
272
Calculate the remainder when 24216687 is divided by 321.
126
Calculate the remainder when 2755428 is divided by 2253.
9
What is the remainder when 2793097 is divided by 13896?
1
Calculate the remainder when 160492834 is divided by 202.
198
What is the remainder when 13424 is divided by 502?
372
Calculate the remainder when 2007 is divided by 956.
95
What is the remainder when 641464 is divided by 41?
19
What is the remainder when 59112 is divided by 8374?
494
Calculate the remainder when 82034 is divided by 183.
50
What is the remainder when 5692556 is divided by 486?
38
What is the remainder when 2928417 is divided by 732098?
25
What is the remainder when 758598 is divided by 132?
126
Calculate the remainder when 347692 is divided by 1809.
364
Calculate the remainder when 5018434 is divided by 25.
9
What is the remainder when 26913174 is divided by 111?
3
Calculate the remainder when 3845772 is divided by 290.
82
What is the remainder when 277016 is divided by 15155?
4226
What is the remainder when 1164868 is divided by 835?
43
What is the remainder when 625069 is divided by 1860?
109
Calculate the remainder when 202715 is divided by 55.
40
Calculate the remainder when 105232378 is divided by 2065.
2043
Calculate the remainder when 37522489 is divided by 138.
13
What is the remainder when 473100 is divided by 155945?
5265
What is the remainder when 4153193 is divided by 85?
8
What is the remainder when 957744 is divided by 2157?
36
What is the remainder when 457116 is divided by 1539?
33
Calculate the remainder when 346019 is divided by 38445.
14
What is the remainder when 7695794 is divided by 443?
441
Calculate the remainder when 71391 is divided by 1097.
86
What is the remainder when 2380760 is divided by 594384?
3224
What is the remainder when 1607038 is divided by 62?
60
Calculate the remainder when 256527 is divided by 11.
7
Calculate the remainder when 24801187 is divided by 3543026.
5
What is the remainder when 291799 is divided by 5?
4
Calculate the remainder when 4879269 is divided by 25680.
69
Calculate the remainder when 1893506 is divided by 541.
6
Calculate the remainder when 528245 is divided by 247.
159
What is the remainder when 72533 is divided by 2087?
1575
What is the remainder when 21842682 is divided by 201?
12
Calculate the remainder when 19646544 is divided by 37637.
30
What is the remainder when 852414 is divided by 150?
114
What is the remainder when 21133157 is divided by 480299?
1
What is the remainder when 81298 is divided by 8960?
658
Calculate the remainder when 216474 is divided by 5584.
4282
Calculate the remainder when 4904052 is divided by 1515.
1512
What is the remainder when 24060846 is divided by 68?
66
What is the remainder when 64188 is divided by 7089?
387
What is the remainder when 19931983 is divided by 1931?
201
What is the remainder when 24603 is divided by 142?
37
What is the remainder when 601488 is divided by 958?
822
What is the remainder when 5916482 is divided by 164?
18
Calculate the remainder when 346251 is divided by 98.
17
What is the remainder when 461686181 is divided by 1242?
5
What is the remainder when 3001814 is divided by 750450?
14
What is the remainder when 314227486 is divided by 1956?
1954
What is the remainder when 788228349 is divided by 11?
7
Calculate the remainder when 2599781 is divided by 2754.
5
What is the remainder when 4784218 is divided by 446?
422
What is the remainder when 1575541 is divided by 112530?
121
Calculate the remainder when 521685 is divided by 6779.
6481
Calculate the remainder when 283316 is divided by 7761.
3920
Calculate the remainder when 258908 is divided by 32355.
68
What is the remainder when 48659 is divided by 11518?
2587
What is the remainder when 6259212 is divided by 2086399?
15
What is the remainder when 4380985 is divided by 3179?
323
Calculate the remainder when 12094451 is divided by 930341.
18
Calculate the remainder when 169256175 is divided by 1719.
1716
Calculate the remainder when 59567574 is divided by 29783777.
20
Calculate the remainder when 4393991 is divided by 4393949.
42
What is the remainder when 1280640 is divided by 79?
50
Calculate the remainder when 354002 is divided by 50569.
19
Calculate the remainder when 4815 is divided by 1493.
336
What is the remainder when 21881528 is divided by 436?
432
Calculate the remainder when 624850 is divided by 519.
493
Calculate the remainder when 693245 is divided by 1252.
889
Calculate the remainder when 845787 is divided by 845778.
9
What is the remainder when 8690 is divided by 8656?
34
What is the remainder when 890152 is divided by 689?
653
What is the remainder when 496680 is divided by 478?
38
What is the remainder when 12988172 is divided by 324?
308
Calculate the remainder when 28501 is divided by 6661.
1857
What is the remainder when 34077947 is divided by 1374?
1373
Calculate the remainder when 1950704 is divided by 7.
0
Calculate the remainder when 58028445 is divided by 242.
233
Calculate the remainder when 387974 is divided by 211.
156
What is the remainder when 381083502 is divided by 1583?
1580
Calculate the remainder when 485778 is divided by 53941.
309
What is the remainder when 169830 is divided by 18612?
2322
Calculat